{"id":10,"date":"2017-07-18T12:08:17","date_gmt":"2017-07-18T10:08:17","guid":{"rendered":"http:\/\/www.grundeinkommen-ist-waehlbar.de\/btw2017\/?page_id=10"},"modified":"2020-01-14T10:09:58","modified_gmt":"2020-01-14T09:09:58","slug":"home","status":"publish","type":"page","link":"https:\/\/www.grundeinkommen-ist-waehlbar.de\/2017-de\/","title":{"rendered":"Home"},"content":{"rendered":"<h2><a href=\"https:\/\/www.grundeinkommen-ist-waehlbar.de\/2017-ni\/\">Neu! &#8211; Grundeinkommen ist w\u00e4hlbar jetzt auch zur Niedersachsen-Wahl<\/a><\/h2>\n<p><a href=\"https:\/\/www.grundeinkommen-ist-waehlbar.de\/2017-ni\/\"><img loading=\"lazy\" decoding=\"async\" class=\"alignnone wp-image-1340 size-full\" src=\"https:\/\/www.grundeinkommen-ist-waehlbar.de\/2017-de\/wp-content\/uploads\/sites\/3\/2017\/07\/niedersachsen_wahl.jpg\" alt=\"\" width=\"789\" height=\"172\" srcset=\"https:\/\/www.grundeinkommen-ist-waehlbar.de\/2017-de\/wp-content\/uploads\/sites\/3\/2017\/07\/niedersachsen_wahl.jpg 789w, https:\/\/www.grundeinkommen-ist-waehlbar.de\/2017-de\/wp-content\/uploads\/sites\/3\/2017\/07\/niedersachsen_wahl-300x65.jpg 300w, https:\/\/www.grundeinkommen-ist-waehlbar.de\/2017-de\/wp-content\/uploads\/sites\/3\/2017\/07\/niedersachsen_wahl-768x167.jpg 768w\" sizes=\"auto, (max-width: 767px) 89vw, (max-width: 1000px) 54vw, (max-width: 1071px) 543px, 580px\" \/><\/a><\/p>\n<h2>Grundeinkommen ist w\u00e4hlbar!<\/h2>\n<ul style=\"margin-top: -0.7em; padding-top: 0; margin-bottom: 12px;\">\n<li>ist eine Informationsplattform, auf der sich Interessierte informieren k\u00f6nnen, in welchen Wahlkreisen Grundeinkommensbef\u00fcrwortende f\u00fcr den Bundestag kandidieren<\/li>\n<li>ist eine Unterst\u00fctzungsplattform f\u00fcr alle Kandidierenden, die f\u00fcr ein Bedingungsloses Grundeinkommen eintreten<\/li>\n<li>ist Werbung f\u00fcrs W\u00e4hlen: Wir wollen daf\u00fcr werben, die Gesellschaft aktiv mitzugestalten<\/li>\n<li>ist dankbar f\u00fcr jeden <a href=\"http:\/\/www.grundeinkommen-ist-waehlbar.de\/2017-de\/mitmachen\/kandidieren\">Hinweis auf Kandidierende, die die Forderung nach einem Grundeinkommen unterst\u00fctzen<\/a>.<\/li>\n<li>Wer \u00fcber die neuesten Eintr\u00e4ge informiert sein m\u00f6chte, sollte sich &gt; <a title=\"Liste aller Kandidaten\" href=\"http:\/\/www.grundeinkommen-ist-waehlbar.de\/2017-de\/kandidatinnen\/\">diesen Link<\/a> &lt; abspeichern.<\/li>\n<\/ul>\n<h2>Grundeinkommen ist w\u00e4hlbar!<\/h2>\n<ul style=\"margin-top: -0.7em; padding-top: 0; margin-bottom: 12px;\">\n<li>ist ein Angebot des Netzwerks Grundeinkommen <a href=\"http:\/\/www.grundeinkommen.de\" target=\"_blank\" rel=\"noopener noreferrer\">www.grundeinkommen.de<\/a>.<\/li>\n<li>bef\u00fcrwortet entsprechend der Pr\u00e4ambel des Netzwerk Grundeinkommen ein bedingungsloses Grundeinkommen f\u00fcr alle Menschen, das existenzsichernd ist und gesellschaftliche Teilhabe erm\u00f6glicht, auf das ein individueller Rechtsanspruch besteht, das ohne Bed\u00fcrftigkeitspr\u00fcfung und ohne Zwang zu Arbeit oder anderen Gegenleistungen garantiert wird.<\/li>\n<li>\u00fcbernimmt im Rahmen dieses Online-Angebotes keine Gew\u00e4hr, dass die Grundeinkommensmodelle alle Kandidierenden diesen vier Kriterien entsprechen.<\/li>\n<li>gab es bereits zur <a href=\"http:\/\/www.grundeinkommen-ist-waehlbar.de\/2009\/\">Bundestagswahl 2009<\/a>, <a href=\"http:\/\/www.grundeinkommen-ist-waehlbar.de\/2013\/\">Bundestagswahl 2013<\/a> und <a href=\"http:\/\/www.grundeinkommen-ist-waehlbar.de\/2017-nrw\/\">Landtagswahl in Nordrhein-Westfalen 2017<\/a><\/li>\n<\/ul>\n<h2>Grundeinkommen ist w\u00e4hlbar!<\/h2>\n<ul style=\"margin-top: -0.7em; padding-top: 0; margin-bottom: 24px;\">\n<li>Die Informationen basieren auf Angaben der Kandidierenden, bzw. auf online zug\u00e4nglichen Informationen.<\/li>\n<li>freut sich \u00fcber Anregungen und Kritik \u00fcber unser <a href=\"http:\/\/www.grundeinkommen-ist-waehlbar.de\/kontakt\/\">Kontaktformular<\/a>.<\/li>\n<\/ul>\n","protected":false},"excerpt":{"rendered":"<p>Neu! &#8211; Grundeinkommen ist w\u00e4hlbar jetzt auch zur Niedersachsen-Wahl Grundeinkommen ist w\u00e4hlbar! ist eine Informationsplattform, auf der sich Interessierte informieren k\u00f6nnen, in welchen Wahlkreisen Grundeinkommensbef\u00fcrwortende f\u00fcr den Bundestag kandidieren ist eine Unterst\u00fctzungsplattform f\u00fcr alle Kandidierenden, die f\u00fcr ein Bedingungsloses Grundeinkommen eintreten ist Werbung f\u00fcrs W\u00e4hlen: Wir wollen daf\u00fcr werben, die Gesellschaft aktiv mitzugestalten ist dankbar &hellip; <\/p>\n<p class=\"link-more\"><a href=\"https:\/\/www.grundeinkommen-ist-waehlbar.de\/2017-de\/\" class=\"more-link\"><span class=\"screen-reader-text\">\u201eHome\u201c <\/span>weiterlesen<\/a><\/p>\n","protected":false},"author":1,"featured_media":0,"parent":0,"menu_order":0,"comment_status":"closed","ping_status":"closed","template":"","meta":{"footnotes":""},"class_list":["post-10","page","type-page","status-publish","hentry"],"_links":{"self":[{"href":"https:\/\/www.grundeinkommen-ist-waehlbar.de\/2017-de\/wp-json\/wp\/v2\/pages\/10","targetHints":{"allow":["GET"]}}],"collection":[{"href":"https:\/\/www.grundeinkommen-ist-waehlbar.de\/2017-de\/wp-json\/wp\/v2\/pages"}],"about":[{"href":"https:\/\/www.grundeinkommen-ist-waehlbar.de\/2017-de\/wp-json\/wp\/v2\/types\/page"}],"author":[{"embeddable":true,"href":"https:\/\/www.grundeinkommen-ist-waehlbar.de\/2017-de\/wp-json\/wp\/v2\/users\/1"}],"replies":[{"embeddable":true,"href":"https:\/\/www.grundeinkommen-ist-waehlbar.de\/2017-de\/wp-json\/wp\/v2\/comments?post=10"}],"version-history":[{"count":6,"href":"https:\/\/www.grundeinkommen-ist-waehlbar.de\/2017-de\/wp-json\/wp\/v2\/pages\/10\/revisions"}],"predecessor-version":[{"id":1458,"href":"https:\/\/www.grundeinkommen-ist-waehlbar.de\/2017-de\/wp-json\/wp\/v2\/pages\/10\/revisions\/1458"}],"wp:attachment":[{"href":"https:\/\/www.grundeinkommen-ist-waehlbar.de\/2017-de\/wp-json\/wp\/v2\/media?parent=10"}],"curies":[{"name":"wp","href":"https:\/\/api.w.org\/{rel}","templated":true}]}}