{"id":7,"date":"2017-07-18T11:58:40","date_gmt":"2017-07-18T09:58:40","guid":{"rendered":"http:\/\/www.grundeinkommen-ist-waehlbar.de\/btw2017\/?page_id=7"},"modified":"2017-07-18T12:56:44","modified_gmt":"2017-07-18T10:56:44","slug":"parteien","status":"publish","type":"page","link":"https:\/\/www.grundeinkommen-ist-waehlbar.de\/2017-de\/parteien\/","title":{"rendered":"Parteien"},"content":{"rendered":"<p>In welchen Parteien ist Grundeinkommen w\u00e4hlbar? Wie stehen die parteilosen Kandidatinnen und Kandidaten zum Grundeinkommen und wie die Kandidierenden der Parteien? Sie m\u00f6chten mehr erfahren zum Kandidaten\/zur Kandidatin ihrer Wahl? Ein Link zur jeweiligen Homepage ist in vielen Profilen zu finden.<\/p>\n<ul>\t<li class=\"cat-item cat-item-55\"><a href=\"https:\/\/www.grundeinkommen-ist-waehlbar.de\/2017-de\/kandidatinnen\/parteien\/bergpartei-die-ueberpartei\/\" title=\"nur in Berlin per Erst- und Zweitstimme w\u00e4hlbar\r\n\r\nhttp:\/\/www.bergpartei.de\/\">Bergpartei. die \u201e\u00dcberPartei\u201c<\/a>\n<\/li>\n\t<li class=\"cat-item cat-item-56\"><a href=\"https:\/\/www.grundeinkommen-ist-waehlbar.de\/2017-de\/kandidatinnen\/parteien\/buendnis-90-die-gruenen\/\" title=\"in allen 16 Bundesl\u00e4ndern w\u00e4hlbar\r\n\r\nhttps:\/\/www.gruene.de\/startseite.html\/\">B\u00fcndnis 90\/Die Gr\u00fcnen<\/a>\n<\/li>\n\t<li class=\"cat-item cat-item-57\"><a href=\"https:\/\/www.grundeinkommen-ist-waehlbar.de\/2017-de\/kandidatinnen\/parteien\/buendnis-grundeinkommen\/\" title=\"in allen 16 Bundesl\u00e4ndern (nur mit Zweitstimme) w\u00e4hlbar\r\n\r\nhttps:\/\/www.buendnis-grundeinkommen.de\r\nhttps:\/\/www.facebook.com\/buendnis.grundeinkommen\/\r\nBGE:open\r\nWahlwerbespot\r\n\r\n\">B\u00fcndnis Grundeinkommen (BGE)<\/a>\n<\/li>\n\t<li class=\"cat-item cat-item-60\"><a href=\"https:\/\/www.grundeinkommen-ist-waehlbar.de\/2017-de\/kandidatinnen\/parteien\/die-linke\/\" title=\"in allen 16 Bundesl\u00e4ndern per Erst- und Zweitstimme w\u00e4hlbar\r\n\r\nhttps:\/\/www.die-linke-grundeinkommen.de\">DIE LINKE<\/a>\n<\/li>\n\t<li class=\"cat-item cat-item-61\"><a href=\"https:\/\/www.grundeinkommen-ist-waehlbar.de\/2017-de\/kandidatinnen\/parteien\/die-violetten\/\" title=\"nur in Bayern, Hessen, Nordrhein-Westfalen und Rheinland-Pfalz in einigen Wahlkreisen nur per Erststimme w\u00e4hlbar\r\n\r\nhttps:\/\/die-violetten.de\/\">Die Violetten<\/a>\n<\/li>\n\t<li class=\"cat-item cat-item-376\"><a href=\"https:\/\/www.grundeinkommen-ist-waehlbar.de\/2017-de\/kandidatinnen\/parteien\/mieterpartei\/\" title=\"nur in Berlin in zwei Wahlkreise per Erststimme w\u00e4hlbar\r\nhttp:\/\/berlin.mieterpartei.jetzt\/\">Mieterpartei<\/a>\n<\/li>\n\t<li class=\"cat-item cat-item-370\"><a href=\"https:\/\/www.grundeinkommen-ist-waehlbar.de\/2017-de\/kandidatinnen\/parteien\/neue-liberale-sozialliberalen\/\" title=\"nur per Erststimme in einzelnen Wahlkreisen in Schleswig-Holstein und Rheinland-Pfalz w\u00e4hlbar\r\n\r\nhttps:\/\/www.neueliberale.org\/\">Neue Liberale &#8211; Sozialliberalen<\/a>\n<\/li>\n\t<li class=\"cat-item cat-item-62\"><a href=\"https:\/\/www.grundeinkommen-ist-waehlbar.de\/2017-de\/kandidatinnen\/parteien\/oedp\/\" title=\"in 13 Bundesl\u00e4ndern w\u00e4hlbar\r\n\r\nhttps:\/\/www.oedp.de\/\r\n\">\u00d6kologisch-Demokratische Partei (\u00d6DP)<\/a>\n<\/li>\n\t<li class=\"cat-item cat-item-63\"><a href=\"https:\/\/www.grundeinkommen-ist-waehlbar.de\/2017-de\/kandidatinnen\/parteien\/parteilos\/\">parteilos<\/a>\n<\/li>\n\t<li class=\"cat-item cat-item-64\"><a href=\"https:\/\/www.grundeinkommen-ist-waehlbar.de\/2017-de\/kandidatinnen\/parteien\/piratenpartei\/\" title=\"per Zweitstimme in 11 Bundesl\u00e4ndern w\u00e4hlbar, per Erststimme bundesweit in einzelnen Wahlkreisen w\u00e4hlbar\r\n\r\nhttps:\/\/www.piratenpartei.de\/\r\n\">Piratenpartei<\/a>\n<\/li>\n\t<li class=\"cat-item cat-item-372\"><a href=\"https:\/\/www.grundeinkommen-ist-waehlbar.de\/2017-de\/kandidatinnen\/parteien\/sgp-sozialistische-gleichheitspartei-vierte-internationale\/\" title=\"per Zweitstimme in Berlin und Nordrhein-Westfalen w\u00e4hlbar, per Erststimme in Berlin, Hessen und Sachsen\r\n\r\nhttp:\/\/www.gleichheit.de\/\">SGP &#8211; Sozialistische Gleichheitspartei \/ Vierte Internationale<\/a>\n<\/li>\n\t<li class=\"cat-item cat-item-371\"><a href=\"https:\/\/www.grundeinkommen-ist-waehlbar.de\/2017-de\/kandidatinnen\/parteien\/tierschutzpartei\/\" title=\"in 10 Bundesl\u00e4ndern per Zweitstimme und teilsweise uach per Erststimme w\u00e4hlbar\r\n\r\nhttps:\/\/tierschutzpartei.de\/\r\n\">Tierschutzpartei<\/a>\n<\/li>\n\t<li class=\"cat-item cat-item-373\"><a href=\"https:\/\/www.grundeinkommen-ist-waehlbar.de\/2017-de\/kandidatinnen\/parteien\/v-partei3\/\" title=\"Die in 12 Bundesl\u00e4ndern*) w\u00e4hlbare Partei f\u00fcr Ver\u00e4nderung, Vegetarier und Veganer (V-Partei\u00b3) bekennt sich in ihrem Parteiprogramm (S. 25...), identisch mit den Kriterien des Netzwerks Grundeinkommen, zum BGE!\r\n\r\nhttps:\/\/v-partei.de\/\r\n\r\n*) Baden-W\u00fcrttemberg, Bayern, Berlin, Bremen, Hamburg, Hessen, Niedersachsen, Nordrhein-Westfalen, Rheinland-Pfalz, Saarland, Sachsen und Th\u00fcringen\">V-Partei\u00b3<\/a>\n<\/li>\n<\/ul>\n<p>&nbsp;<\/p>\n","protected":false},"excerpt":{"rendered":"<p>In welchen Parteien ist Grundeinkommen w\u00e4hlbar? Wie stehen die parteilosen Kandidatinnen und Kandidaten zum Grundeinkommen und wie die Kandidierenden der Parteien? Sie m\u00f6chten mehr erfahren zum Kandidaten\/zur Kandidatin ihrer Wahl? Ein Link zur jeweiligen Homepage ist in vielen Profilen zu finden. &nbsp;<\/p>\n","protected":false},"author":1,"featured_media":0,"parent":0,"menu_order":0,"comment_status":"closed","ping_status":"closed","template":"","meta":{"footnotes":""},"class_list":["post-7","page","type-page","status-publish","hentry"],"_links":{"self":[{"href":"https:\/\/www.grundeinkommen-ist-waehlbar.de\/2017-de\/wp-json\/wp\/v2\/pages\/7","targetHints":{"allow":["GET"]}}],"collection":[{"href":"https:\/\/www.grundeinkommen-ist-waehlbar.de\/2017-de\/wp-json\/wp\/v2\/pages"}],"about":[{"href":"https:\/\/www.grundeinkommen-ist-waehlbar.de\/2017-de\/wp-json\/wp\/v2\/types\/page"}],"author":[{"embeddable":true,"href":"https:\/\/www.grundeinkommen-ist-waehlbar.de\/2017-de\/wp-json\/wp\/v2\/users\/1"}],"replies":[{"embeddable":true,"href":"https:\/\/www.grundeinkommen-ist-waehlbar.de\/2017-de\/wp-json\/wp\/v2\/comments?post=7"}],"version-history":[{"count":3,"href":"https:\/\/www.grundeinkommen-ist-waehlbar.de\/2017-de\/wp-json\/wp\/v2\/pages\/7\/revisions"}],"predecessor-version":[{"id":116,"href":"https:\/\/www.grundeinkommen-ist-waehlbar.de\/2017-de\/wp-json\/wp\/v2\/pages\/7\/revisions\/116"}],"wp:attachment":[{"href":"https:\/\/www.grundeinkommen-ist-waehlbar.de\/2017-de\/wp-json\/wp\/v2\/media?parent=7"}],"curies":[{"name":"wp","href":"https:\/\/api.w.org\/{rel}","templated":true}]}}