{"id":84,"date":"2017-03-20T18:01:16","date_gmt":"2017-03-20T17:01:16","guid":{"rendered":"http:\/\/www.grundeinkommen-ist-waehlbar.de\/2017\/?page_id=84"},"modified":"2017-03-20T18:01:16","modified_gmt":"2017-03-20T17:01:16","slug":"engagieren-in-regionalen-initiativen","status":"publish","type":"page","link":"https:\/\/www.grundeinkommen-ist-waehlbar.de\/2017-nrw\/mitmachen\/engagieren-in-regionalen-initiativen\/","title":{"rendered":"Engagieren in regionalen Initiativen"},"content":{"rendered":"<p>Sie m\u00f6chten mehr tun, als &#8222;nur&#8220; ein Kreuzchen machen? Sie m\u00f6chten sich \u00fcber die Bundestagswahl hinaus aktiv f\u00fcr ein Bedingungsloses Grundeinkommen einsetzen?<\/p>\n<p>Adressen und Kontaktpersonen finden Sie hier:<br \/>\n<a href=\"http:\/\/www.grundeinkommen.de\/thema\/initiativen\" target=\"_blank\">http:\/\/www.grundeinkommen.de\/thema\/initiativen<\/a><br \/>\n<a href=\"http:\/\/www.bgeinfo.de\/\" target=\"_blank\">http:\/\/www.bgeinfo.de\/<\/a><\/p>\n","protected":false},"excerpt":{"rendered":"<p>Sie m\u00f6chten mehr tun, als &#8222;nur&#8220; ein Kreuzchen machen? Sie m\u00f6chten sich \u00fcber die Bundestagswahl hinaus aktiv f\u00fcr ein Bedingungsloses Grundeinkommen einsetzen? Adressen und Kontaktpersonen finden Sie hier: http:\/\/www.grundeinkommen.de\/thema\/initiativen http:\/\/www.bgeinfo.de\/<\/p>\n","protected":false},"author":1,"featured_media":0,"parent":72,"menu_order":0,"comment_status":"closed","ping_status":"closed","template":"","meta":{"footnotes":""},"class_list":["post-84","page","type-page","status-publish","hentry"],"_links":{"self":[{"href":"https:\/\/www.grundeinkommen-ist-waehlbar.de\/2017-nrw\/wp-json\/wp\/v2\/pages\/84","targetHints":{"allow":["GET"]}}],"collection":[{"href":"https:\/\/www.grundeinkommen-ist-waehlbar.de\/2017-nrw\/wp-json\/wp\/v2\/pages"}],"about":[{"href":"https:\/\/www.grundeinkommen-ist-waehlbar.de\/2017-nrw\/wp-json\/wp\/v2\/types\/page"}],"author":[{"embeddable":true,"href":"https:\/\/www.grundeinkommen-ist-waehlbar.de\/2017-nrw\/wp-json\/wp\/v2\/users\/1"}],"replies":[{"embeddable":true,"href":"https:\/\/www.grundeinkommen-ist-waehlbar.de\/2017-nrw\/wp-json\/wp\/v2\/comments?post=84"}],"version-history":[{"count":0,"href":"https:\/\/www.grundeinkommen-ist-waehlbar.de\/2017-nrw\/wp-json\/wp\/v2\/pages\/84\/revisions"}],"up":[{"embeddable":true,"href":"https:\/\/www.grundeinkommen-ist-waehlbar.de\/2017-nrw\/wp-json\/wp\/v2\/pages\/72"}],"wp:attachment":[{"href":"https:\/\/www.grundeinkommen-ist-waehlbar.de\/2017-nrw\/wp-json\/wp\/v2\/media?parent=84"}],"curies":[{"name":"wp","href":"https:\/\/api.w.org\/{rel}","templated":true}]}}

<p>Sie möchten mehr tun, als &#8222;nur&#8220; ein Kreuzchen machen? Sie möchten sich über die Bundestagswahl hinaus aktiv für ein Bedingungsloses Grundeinkommen einsetzen?</p>
<p>Adressen und Kontaktpersonen finden Sie hier:<br />
<a href="http://www.grundeinkommen.de/thema/initiativen" target="_blank">http://www.grundeinkommen.de/thema/initiativen</a><br />
<a href="http://www.bgeinfo.de/" target="_blank">http://www.bgeinfo.de/</a></p>

<p>Sie möchten mehr tun, als &#8222;nur&#8220; ein Kreuzchen machen? Sie möchten sich über die Bundestagswahl hinaus aktiv für ein Bedingungsloses Grundeinkommen einsetzen? Adressen und Kontaktpersonen finden Sie hier: http://www.grundeinkommen.de/thema/initiativen http://www.bgeinfo.de/</p>
