{"id":64,"date":"2018-08-31T17:20:13","date_gmt":"2018-08-31T15:20:13","guid":{"rendered":"http:\/\/www.grundeinkommen-ist-waehlbar.de\/2018-by\/?page_id=64"},"modified":"2018-08-31T17:24:10","modified_gmt":"2018-08-31T15:24:10","slug":"kandidierende","status":"publish","type":"page","link":"https:\/\/www.grundeinkommen-ist-waehlbar.de\/2018-by\/kandidierende\/","title":{"rendered":"Kandidierende"},"content":{"rendered":"<p>Gibt es in Ihrem Stimmkreis eine\/n Kandidierenden, der\/die sich f\u00fcr ein bedingungsloses Grundeinkommen ausspricht? Wo k\u00f6nnen Sie Grundeinkommen w\u00e4hlen? Hier werden nur Stimmkreise angezeigt, in denen mindestens ein\/e Kandidat\/in f\u00fcr das Grundeinkommen ist. Finden Sie Kandidierende, indem Sie den entsprechenden Stimmkreis anklicken:<\/p>\n\t<li class=\"cat-item cat-item-24\"><a href=\"https:\/\/www.grundeinkommen-ist-waehlbar.de\/2018-by\/stimmkreis\/101-muenchen-hadern\/\">101 M\u00fcnchen-Hadern<\/a>\n<\/li>\n\t<li class=\"cat-item cat-item-34\"><a href=\"https:\/\/www.grundeinkommen-ist-waehlbar.de\/2018-by\/stimmkreis\/103-muenchen-giesing\/\">103 M\u00fcnchen-Giesing<\/a>\n<\/li>\n\t<li class=\"cat-item cat-item-36\"><a href=\"https:\/\/www.grundeinkommen-ist-waehlbar.de\/2018-by\/stimmkreis\/105-muenchen-moosach\/\">105 M\u00fcnchen-Moosach<\/a>\n<\/li>\n\t<li class=\"cat-item cat-item-48\"><a href=\"https:\/\/www.grundeinkommen-ist-waehlbar.de\/2018-by\/stimmkreis\/117-freising\/\">117 Freising<\/a>\n<\/li>\n\t<li class=\"cat-item cat-item-50\"><a href=\"https:\/\/www.grundeinkommen-ist-waehlbar.de\/2018-by\/stimmkreis\/119-ingolstadt\/\">119 Ingolstadt<\/a>\n<\/li>\n\t<li class=\"cat-item cat-item-54\"><a href=\"https:\/\/www.grundeinkommen-ist-waehlbar.de\/2018-by\/stimmkreis\/123-muenchen-land-nord\/\">123 M\u00fcnchen-Land-Nord<\/a>\n<\/li>\n\t<li class=\"cat-item cat-item-64\"><a href=\"https:\/\/www.grundeinkommen-ist-waehlbar.de\/2018-by\/stimmkreis\/204-landshut\/\">204 Landshut<\/a>\n<\/li>\n\t<li class=\"cat-item cat-item-88\"><a href=\"https:\/\/www.grundeinkommen-ist-waehlbar.de\/2018-by\/stimmkreis\/305-regensburg-stadt\/\">305 Regensburg-Stadt<\/a>\n<\/li>\n\t<li class=\"cat-item cat-item-110\"><a href=\"https:\/\/www.grundeinkommen-ist-waehlbar.de\/2018-by\/stimmkreis\/610-wuerzburg-stadt\/\">610 W\u00fcrzburg-Stadt<\/a>\n<\/li>\n\n","protected":false},"excerpt":{"rendered":"<p>Gibt es in Ihrem Stimmkreis eine\/n Kandidierenden, der\/die sich f\u00fcr ein bedingungsloses Grundeinkommen ausspricht? Wo k\u00f6nnen Sie Grundeinkommen w\u00e4hlen? Hier werden nur Stimmkreise angezeigt, in denen mindestens ein\/e Kandidat\/in f\u00fcr das Grundeinkommen ist. Finden Sie Kandidierende, indem Sie den entsprechenden Stimmkreis anklicken:<\/p>\n","protected":false},"author":1,"featured_media":0,"parent":0,"menu_order":0,"comment_status":"closed","ping_status":"closed","template":"","meta":{"footnotes":""},"class_list":["post-64","page","type-page","status-publish","hentry"],"_links":{"self":[{"href":"https:\/\/www.grundeinkommen-ist-waehlbar.de\/2018-by\/wp-json\/wp\/v2\/pages\/64","targetHints":{"allow":["GET"]}}],"collection":[{"href":"https:\/\/www.grundeinkommen-ist-waehlbar.de\/2018-by\/wp-json\/wp\/v2\/pages"}],"about":[{"href":"https:\/\/www.grundeinkommen-ist-waehlbar.de\/2018-by\/wp-json\/wp\/v2\/types\/page"}],"author":[{"embeddable":true,"href":"https:\/\/www.grundeinkommen-ist-waehlbar.de\/2018-by\/wp-json\/wp\/v2\/users\/1"}],"replies":[{"embeddable":true,"href":"https:\/\/www.grundeinkommen-ist-waehlbar.de\/2018-by\/wp-json\/wp\/v2\/comments?post=64"}],"version-history":[{"count":2,"href":"https:\/\/www.grundeinkommen-ist-waehlbar.de\/2018-by\/wp-json\/wp\/v2\/pages\/64\/revisions"}],"predecessor-version":[{"id":68,"href":"https:\/\/www.grundeinkommen-ist-waehlbar.de\/2018-by\/wp-json\/wp\/v2\/pages\/64\/revisions\/68"}],"wp:attachment":[{"href":"https:\/\/www.grundeinkommen-ist-waehlbar.de\/2018-by\/wp-json\/wp\/v2\/media?parent=64"}],"curies":[{"name":"wp","href":"https:\/\/api.w.org\/{rel}","templated":true}]}}