{"id":15,"date":"2018-09-08T13:14:07","date_gmt":"2018-09-08T11:14:07","guid":{"rendered":"http:\/\/www.grundeinkommen-ist-waehlbar.de\/2018-he\/?page_id=15"},"modified":"2018-09-08T13:14:07","modified_gmt":"2018-09-08T11:14:07","slug":"mitglied-werden-im-netzwerk-grundeinkommen","status":"publish","type":"page","link":"https:\/\/www.grundeinkommen-ist-waehlbar.de\/2018-he\/mitglied-werden-im-netzwerk-grundeinkommen\/","title":{"rendered":"Mitglied werden im Netzwerk Grundeinkommen"},"content":{"rendered":"<p>Unterst\u00fctzen Sie die Arbeit des Netzwerks Grundeinkommen und werden Sie Mitglied: <a href=\"http:\/\/www.grundeinkommen.de\/mitglied-werden\" target=\"_blank\" rel=\"noopener\">http:\/\/www.grundeinkommen.de\/mitglied-werden<\/a><\/p>\n<p>Die Mitgliedschaft erwirbt man durch eine online-Beitrittserkl\u00e4rung gegen\u00fcber dem Netzwerkrat. Mitglieder k\u00f6nnen neben nat\u00fcrlichen Personen auch Organisationen und Verb\u00e4nde werden, jedoch keine politischen Parteien.<\/p>\n<p>F\u00fcr Personen:<br \/>\n<a href=\"https:\/\/www.grundeinkommen.de\/admidio\/adm_program\/modules\/profile\/profile_new.php?new_user=2&amp;art=2\" target=\"_blank\" rel=\"noopener\">https:\/\/www.grundeinkommen.de\/admidio\/adm_program\/modules\/profile\/profile_new.php?new_user=2&amp;art=2<\/a><\/p>\n<p>F\u00fcr Organisationen:<br \/>\n<a href=\"https:\/\/www.grundeinkommen.de\/admidio\/adm_program\/modules\/profile\/profile_new.php?new_user=2&amp;art=3\" target=\"_blank\" rel=\"noopener\">https:\/\/www.grundeinkommen.de\/admidio\/adm_program\/modules\/profile\/profile_new.php?new_user=2&amp;art=3<\/a><\/p>\n<p>Sollte die Online-Registrierung nicht m\u00f6glich oder erw\u00fcnscht sein, kann hier ein Formular im PDF-Format heruntergeladen werden: <a href=\"https:\/\/www.grundeinkommen.de\/content\/uploads\/2012\/11\/beitrittsformular_netzwerk_121128.pdf\">https:\/\/www.grundeinkommen.de\/content\/uploads\/2012\/11\/beitrittsformular_netzwerk_121128.pdf<\/a> und ausgef\u00fcllt per Post eingeschickt werden.<\/p>\n","protected":false},"excerpt":{"rendered":"<p>Unterst\u00fctzen Sie die Arbeit des Netzwerks Grundeinkommen und werden Sie Mitglied: http:\/\/www.grundeinkommen.de\/mitglied-werden Die Mitgliedschaft erwirbt man durch eine online-Beitrittserkl\u00e4rung gegen\u00fcber dem Netzwerkrat. Mitglieder k\u00f6nnen neben nat\u00fcrlichen Personen auch Organisationen und Verb\u00e4nde werden, jedoch keine politischen Parteien. F\u00fcr Personen: https:\/\/www.grundeinkommen.de\/admidio\/adm_program\/modules\/profile\/profile_new.php?new_user=2&amp;art=2 F\u00fcr Organisationen: https:\/\/www.grundeinkommen.de\/admidio\/adm_program\/modules\/profile\/profile_new.php?new_user=2&amp;art=3 Sollte die Online-Registrierung nicht m\u00f6glich oder erw\u00fcnscht sein, kann hier ein Formular im &hellip; <\/p>\n<p class=\"link-more\"><a href=\"https:\/\/www.grundeinkommen-ist-waehlbar.de\/2018-he\/mitglied-werden-im-netzwerk-grundeinkommen\/\" class=\"more-link\"><span class=\"screen-reader-text\">\u201eMitglied werden im Netzwerk Grundeinkommen\u201c <\/span>weiterlesen<\/a><\/p>\n","protected":false},"author":5,"featured_media":0,"parent":0,"menu_order":0,"comment_status":"closed","ping_status":"closed","template":"","meta":{"footnotes":""},"class_list":["post-15","page","type-page","status-publish","hentry"],"_links":{"self":[{"href":"https:\/\/www.grundeinkommen-ist-waehlbar.de\/2018-he\/wp-json\/wp\/v2\/pages\/15","targetHints":{"allow":["GET"]}}],"collection":[{"href":"https:\/\/www.grundeinkommen-ist-waehlbar.de\/2018-he\/wp-json\/wp\/v2\/pages"}],"about":[{"href":"https:\/\/www.grundeinkommen-ist-waehlbar.de\/2018-he\/wp-json\/wp\/v2\/types\/page"}],"author":[{"embeddable":true,"href":"https:\/\/www.grundeinkommen-ist-waehlbar.de\/2018-he\/wp-json\/wp\/v2\/users\/5"}],"replies":[{"embeddable":true,"href":"https:\/\/www.grundeinkommen-ist-waehlbar.de\/2018-he\/wp-json\/wp\/v2\/comments?post=15"}],"version-history":[{"count":1,"href":"https:\/\/www.grundeinkommen-ist-waehlbar.de\/2018-he\/wp-json\/wp\/v2\/pages\/15\/revisions"}],"predecessor-version":[{"id":16,"href":"https:\/\/www.grundeinkommen-ist-waehlbar.de\/2018-he\/wp-json\/wp\/v2\/pages\/15\/revisions\/16"}],"wp:attachment":[{"href":"https:\/\/www.grundeinkommen-ist-waehlbar.de\/2018-he\/wp-json\/wp\/v2\/media?parent=15"}],"curies":[{"name":"wp","href":"https:\/\/api.w.org\/{rel}","templated":true}]}}

<p>Unterstützen Sie die Arbeit des Netzwerks Grundeinkommen und werden Sie Mitglied: <a href="http://www.grundeinkommen.de/mitglied-werden" target="_blank" rel="noopener">http://www.grundeinkommen.de/mitglied-werden</a></p>
<p>Die Mitgliedschaft erwirbt man durch eine online-Beitrittserklärung gegenüber dem Netzwerkrat. Mitglieder können neben natürlichen Personen auch Organisationen und Verbände werden, jedoch keine politischen Parteien.</p>
<p>Für Personen:<br />
<a href="https://www.grundeinkommen.de/admidio/adm_program/modules/profile/profile_new.php?new_user=2&amp;art=2" target="_blank" rel="noopener">https://www.grundeinkommen.de/admidio/adm_program/modules/profile/profile_new.php?new_user=2&amp;art=2</a></p>
<p>Für Organisationen:<br />
<a href="https://www.grundeinkommen.de/admidio/adm_program/modules/profile/profile_new.php?new_user=2&amp;art=3" target="_blank" rel="noopener">https://www.grundeinkommen.de/admidio/adm_program/modules/profile/profile_new.php?new_user=2&amp;art=3</a></p>
<p>Sollte die Online-Registrierung nicht möglich oder erwünscht sein, kann hier ein Formular im PDF-Format heruntergeladen werden: <a href="https://www.grundeinkommen.de/content/uploads/2012/11/beitrittsformular_netzwerk_121128.pdf">https://www.grundeinkommen.de/content/uploads/2012/11/beitrittsformular_netzwerk_121128.pdf</a> und ausgefüllt per Post eingeschickt werden.</p>

<p>Unterstützen Sie die Arbeit des Netzwerks Grundeinkommen und werden Sie Mitglied: http://www.grundeinkommen.de/mitglied-werden Die Mitgliedschaft erwirbt man durch eine online-Beitrittserklärung gegenüber dem Netzwerkrat. Mitglieder können neben natürlichen Personen auch Organisationen und Verbände werden, jedoch keine politischen Parteien. Für Personen: https://www.grundeinkommen.de/admidio/adm_program/modules/profile/profile_new.php?new_user=2&amp;art=2 Für Organisationen: https://www.grundeinkommen.de/admidio/adm_program/modules/profile/profile_new.php?new_user=2&amp;art=3 Sollte die Online-Registrierung nicht möglich oder erwünscht sein, kann hier ein Formular im &hellip; </p>
<p class="link-more"><a href="https://www.grundeinkommen-ist-waehlbar.de/2018-he/mitglied-werden-im-netzwerk-grundeinkommen/" class="more-link"><span class="screen-reader-text">„Mitglied werden im Netzwerk Grundeinkommen“ </span>weiterlesen</a></p>
