{"id":17,"date":"2019-03-30T11:20:57","date_gmt":"2019-03-30T10:20:57","guid":{"rendered":"http:\/\/www.grundeinkommen-ist-waehlbar.de\/2019-eu\/?page_id=17"},"modified":"2019-03-30T11:20:57","modified_gmt":"2019-03-30T10:20:57","slug":"engagieren-in-regionalen-initiativen","status":"publish","type":"page","link":"https:\/\/www.grundeinkommen-ist-waehlbar.de\/2019-eu\/engagieren-in-regionalen-initiativen\/","title":{"rendered":"Engagieren in regionalen Initiativen"},"content":{"rendered":"\n<p>Sie m\u00f6chten mehr tun, als &#8222;nur&#8220; ein Kreuzchen machen? Sie m\u00f6chten sich \u00fcber die Bundestagswahl hinaus aktiv f\u00fcr ein Bedingungsloses Grundeinkommen einsetzen?<\/p>\n\n\n\n<p>Adressen und Kontaktpersonen finden Sie hier:<br><a href=\"http:\/\/www.grundeinkommen.de\/thema\/initiativen\" target=\"_blank\" rel=\"noreferrer noopener\">http:\/\/www.grundeinkommen.de\/thema\/initiativen<\/a><br><a href=\"http:\/\/www.bgeinfo.de\/\" target=\"_blank\" rel=\"noreferrer noopener\">http:\/\/www.bgeinfo.de\/<\/a><\/p>\n","protected":false},"excerpt":{"rendered":"<p>Sie m\u00f6chten mehr tun, als &#8222;nur&#8220; ein Kreuzchen machen? Sie m\u00f6chten sich \u00fcber die Bundestagswahl hinaus aktiv f\u00fcr ein Bedingungsloses Grundeinkommen einsetzen? Adressen und Kontaktpersonen finden Sie hier:http:\/\/www.grundeinkommen.de\/thema\/initiativenhttp:\/\/www.bgeinfo.de\/<\/p>\n","protected":false},"author":1,"featured_media":0,"parent":0,"menu_order":0,"comment_status":"closed","ping_status":"closed","template":"","meta":{"footnotes":""},"class_list":["post-17","page","type-page","status-publish","hentry"],"_links":{"self":[{"href":"https:\/\/www.grundeinkommen-ist-waehlbar.de\/2019-eu\/wp-json\/wp\/v2\/pages\/17","targetHints":{"allow":["GET"]}}],"collection":[{"href":"https:\/\/www.grundeinkommen-ist-waehlbar.de\/2019-eu\/wp-json\/wp\/v2\/pages"}],"about":[{"href":"https:\/\/www.grundeinkommen-ist-waehlbar.de\/2019-eu\/wp-json\/wp\/v2\/types\/page"}],"author":[{"embeddable":true,"href":"https:\/\/www.grundeinkommen-ist-waehlbar.de\/2019-eu\/wp-json\/wp\/v2\/users\/1"}],"replies":[{"embeddable":true,"href":"https:\/\/www.grundeinkommen-ist-waehlbar.de\/2019-eu\/wp-json\/wp\/v2\/comments?post=17"}],"version-history":[{"count":1,"href":"https:\/\/www.grundeinkommen-ist-waehlbar.de\/2019-eu\/wp-json\/wp\/v2\/pages\/17\/revisions"}],"predecessor-version":[{"id":18,"href":"https:\/\/www.grundeinkommen-ist-waehlbar.de\/2019-eu\/wp-json\/wp\/v2\/pages\/17\/revisions\/18"}],"wp:attachment":[{"href":"https:\/\/www.grundeinkommen-ist-waehlbar.de\/2019-eu\/wp-json\/wp\/v2\/media?parent=17"}],"curies":[{"name":"wp","href":"https:\/\/api.w.org\/{rel}","templated":true}]}}

<p>Sie möchten mehr tun, als &#8222;nur&#8220; ein Kreuzchen machen? Sie möchten sich über die Bundestagswahl hinaus aktiv für ein Bedingungsloses Grundeinkommen einsetzen?</p>



<p>Adressen und Kontaktpersonen finden Sie hier:<br><a href="http://www.grundeinkommen.de/thema/initiativen" target="_blank" rel="noreferrer noopener">http://www.grundeinkommen.de/thema/initiativen</a><br><a href="http://www.bgeinfo.de/" target="_blank" rel="noreferrer noopener">http://www.bgeinfo.de/</a></p>

<p>Sie möchten mehr tun, als &#8222;nur&#8220; ein Kreuzchen machen? Sie möchten sich über die Bundestagswahl hinaus aktiv für ein Bedingungsloses Grundeinkommen einsetzen? Adressen und Kontaktpersonen finden Sie hier:http://www.grundeinkommen.de/thema/initiativenhttp://www.bgeinfo.de/</p>
