{"id":51,"date":"2019-04-09T16:29:38","date_gmt":"2019-04-09T14:29:38","guid":{"rendered":"http:\/\/www.grundeinkommen-ist-waehlbar.de\/2019-hb\/?page_id=51"},"modified":"2019-04-09T16:29:38","modified_gmt":"2019-04-09T14:29:38","slug":"kandidierende","status":"publish","type":"page","link":"https:\/\/www.grundeinkommen-ist-waehlbar.de\/2019-hb\/kandidierende\/","title":{"rendered":"Kandidierende"},"content":{"rendered":"\n<p>Gibt es in Ihrem Wahlkreis eine\/n Kandidierenden, der\/die sich f\u00fcr ein bedingungsloses Grundeinkommen ausspricht? Wo k\u00f6nnen Sie Grundeinkommen w\u00e4hlen? Hier werden nur Wahlkreise angezeigt, in denen mindestens ein\/e Kandidat\/in f\u00fcr das Grundeinkommen ist. Finden Sie Kandidierende, indem Sie den entsprechenden Wahlkreis anklicken:<\/p>\n\n\n\t<li class=\"cat-item cat-item-21\"><a href=\"https:\/\/www.grundeinkommen-ist-waehlbar.de\/2019-hb\/wahlbereich\/bremen\/\">Bremen<\/a>\n<\/li>\n\t<li class=\"cat-item cat-item-22\"><a href=\"https:\/\/www.grundeinkommen-ist-waehlbar.de\/2019-hb\/wahlbereich\/bremerhaven\/\">Bremerhaven<\/a>\n<\/li>\n\n","protected":false},"excerpt":{"rendered":"<p>Gibt es in Ihrem Wahlkreis eine\/n Kandidierenden, der\/die sich f\u00fcr ein bedingungsloses Grundeinkommen ausspricht? Wo k\u00f6nnen Sie Grundeinkommen w\u00e4hlen? Hier werden nur Wahlkreise angezeigt, in denen mindestens ein\/e Kandidat\/in f\u00fcr das Grundeinkommen ist. Finden Sie Kandidierende, indem Sie den entsprechenden Wahlkreis anklicken:<\/p>\n","protected":false},"author":1,"featured_media":0,"parent":0,"menu_order":0,"comment_status":"closed","ping_status":"closed","template":"","meta":{"footnotes":""},"class_list":["post-51","page","type-page","status-publish","hentry"],"_links":{"self":[{"href":"https:\/\/www.grundeinkommen-ist-waehlbar.de\/2019-hb\/wp-json\/wp\/v2\/pages\/51","targetHints":{"allow":["GET"]}}],"collection":[{"href":"https:\/\/www.grundeinkommen-ist-waehlbar.de\/2019-hb\/wp-json\/wp\/v2\/pages"}],"about":[{"href":"https:\/\/www.grundeinkommen-ist-waehlbar.de\/2019-hb\/wp-json\/wp\/v2\/types\/page"}],"author":[{"embeddable":true,"href":"https:\/\/www.grundeinkommen-ist-waehlbar.de\/2019-hb\/wp-json\/wp\/v2\/users\/1"}],"replies":[{"embeddable":true,"href":"https:\/\/www.grundeinkommen-ist-waehlbar.de\/2019-hb\/wp-json\/wp\/v2\/comments?post=51"}],"version-history":[{"count":1,"href":"https:\/\/www.grundeinkommen-ist-waehlbar.de\/2019-hb\/wp-json\/wp\/v2\/pages\/51\/revisions"}],"predecessor-version":[{"id":52,"href":"https:\/\/www.grundeinkommen-ist-waehlbar.de\/2019-hb\/wp-json\/wp\/v2\/pages\/51\/revisions\/52"}],"wp:attachment":[{"href":"https:\/\/www.grundeinkommen-ist-waehlbar.de\/2019-hb\/wp-json\/wp\/v2\/media?parent=51"}],"curies":[{"name":"wp","href":"https:\/\/api.w.org\/{rel}","templated":true}]}}

<p>Gibt es in Ihrem Wahlkreis eine/n Kandidierenden, der/die sich für ein bedingungsloses Grundeinkommen ausspricht? Wo können Sie Grundeinkommen wählen? Hier werden nur Wahlkreise angezeigt, in denen mindestens ein/e Kandidat/in für das Grundeinkommen ist. Finden Sie Kandidierende, indem Sie den entsprechenden Wahlkreis anklicken:</p>


	<li class="cat-item cat-item-21"><a href="https://www.grundeinkommen-ist-waehlbar.de/2019-hb/wahlbereich/bremen/">Bremen</a>
</li>
	<li class="cat-item cat-item-22"><a href="https://www.grundeinkommen-ist-waehlbar.de/2019-hb/wahlbereich/bremerhaven/">Bremerhaven</a>
</li>

<p>Gibt es in Ihrem Wahlkreis eine/n Kandidierenden, der/die sich für ein bedingungsloses Grundeinkommen ausspricht? Wo können Sie Grundeinkommen wählen? Hier werden nur Wahlkreise angezeigt, in denen mindestens ein/e Kandidat/in für das Grundeinkommen ist. Finden Sie Kandidierende, indem Sie den entsprechenden Wahlkreis anklicken:</p>
