{"id":46,"date":"2021-01-14T14:16:58","date_gmt":"2021-01-14T13:16:58","guid":{"rendered":"http:\/\/www.grundeinkommen-ist-waehlbar.de\/2021-bw\/?page_id=46"},"modified":"2021-01-14T14:16:58","modified_gmt":"2021-01-14T13:16:58","slug":"kandidierende","status":"publish","type":"page","link":"https:\/\/www.grundeinkommen-ist-waehlbar.de\/2021-bw\/kandidierende\/","title":{"rendered":"Kandidierende"},"content":{"rendered":"\n<p>Gibt es in Ihrem Wahlkreis eine\/n Kandidierenden, der\/die sich f\u00fcr ein bedingungsloses Grundeinkommen ausspricht? Wo k\u00f6nnen Sie Grundeinkommen w\u00e4hlen? Hier werden nur Wahlkreise angezeigt, in denen mindestens ein\/e Kandidat\/in f\u00fcr das Grundeinkommen ist. Finden Sie Kandidierende, indem Sie den entsprechenden Wahlkreis anklicken:<\/p>\n\n\n\t<li class=\"cat-item cat-item-22\"><a href=\"https:\/\/www.grundeinkommen-ist-waehlbar.de\/2021-bw\/wahlkreis\/14-bietigheim-bissingen\/\">14 Bietigheim-Bissingen<\/a>\n<\/li>\n\t<li class=\"cat-item cat-item-54\"><a href=\"https:\/\/www.grundeinkommen-ist-waehlbar.de\/2021-bw\/wahlkreis\/46-freiburg-i\/\">46 Freiburg I<\/a>\n<\/li>\n\n","protected":false},"excerpt":{"rendered":"<p>Gibt es in Ihrem Wahlkreis eine\/n Kandidierenden, der\/die sich f\u00fcr ein bedingungsloses Grundeinkommen ausspricht? Wo k\u00f6nnen Sie Grundeinkommen w\u00e4hlen? Hier werden nur Wahlkreise angezeigt, in denen mindestens ein\/e Kandidat\/in f\u00fcr das Grundeinkommen ist. Finden Sie Kandidierende, indem Sie den entsprechenden Wahlkreis anklicken:<\/p>\n","protected":false},"author":1,"featured_media":0,"parent":0,"menu_order":0,"comment_status":"closed","ping_status":"closed","template":"","meta":{"footnotes":""},"class_list":["post-46","page","type-page","status-publish","hentry"],"_links":{"self":[{"href":"https:\/\/www.grundeinkommen-ist-waehlbar.de\/2021-bw\/wp-json\/wp\/v2\/pages\/46","targetHints":{"allow":["GET"]}}],"collection":[{"href":"https:\/\/www.grundeinkommen-ist-waehlbar.de\/2021-bw\/wp-json\/wp\/v2\/pages"}],"about":[{"href":"https:\/\/www.grundeinkommen-ist-waehlbar.de\/2021-bw\/wp-json\/wp\/v2\/types\/page"}],"author":[{"embeddable":true,"href":"https:\/\/www.grundeinkommen-ist-waehlbar.de\/2021-bw\/wp-json\/wp\/v2\/users\/1"}],"replies":[{"embeddable":true,"href":"https:\/\/www.grundeinkommen-ist-waehlbar.de\/2021-bw\/wp-json\/wp\/v2\/comments?post=46"}],"version-history":[{"count":1,"href":"https:\/\/www.grundeinkommen-ist-waehlbar.de\/2021-bw\/wp-json\/wp\/v2\/pages\/46\/revisions"}],"predecessor-version":[{"id":47,"href":"https:\/\/www.grundeinkommen-ist-waehlbar.de\/2021-bw\/wp-json\/wp\/v2\/pages\/46\/revisions\/47"}],"wp:attachment":[{"href":"https:\/\/www.grundeinkommen-ist-waehlbar.de\/2021-bw\/wp-json\/wp\/v2\/media?parent=46"}],"curies":[{"name":"wp","href":"https:\/\/api.w.org\/{rel}","templated":true}]}}

<p>Gibt es in Ihrem Wahlkreis eine/n Kandidierenden, der/die sich für ein bedingungsloses Grundeinkommen ausspricht? Wo können Sie Grundeinkommen wählen? Hier werden nur Wahlkreise angezeigt, in denen mindestens ein/e Kandidat/in für das Grundeinkommen ist. Finden Sie Kandidierende, indem Sie den entsprechenden Wahlkreis anklicken:</p>


	<li class="cat-item cat-item-22"><a href="https://www.grundeinkommen-ist-waehlbar.de/2021-bw/wahlkreis/14-bietigheim-bissingen/">14 Bietigheim-Bissingen</a>
</li>
	<li class="cat-item cat-item-54"><a href="https://www.grundeinkommen-ist-waehlbar.de/2021-bw/wahlkreis/46-freiburg-i/">46 Freiburg I</a>
</li>

<p>Gibt es in Ihrem Wahlkreis eine/n Kandidierenden, der/die sich für ein bedingungsloses Grundeinkommen ausspricht? Wo können Sie Grundeinkommen wählen? Hier werden nur Wahlkreise angezeigt, in denen mindestens ein/e Kandidat/in für das Grundeinkommen ist. Finden Sie Kandidierende, indem Sie den entsprechenden Wahlkreis anklicken:</p>
