{"id":38,"date":"2022-04-10T11:54:15","date_gmt":"2022-04-10T09:54:15","guid":{"rendered":"https:\/\/www.grundeinkommen-ist-waehlbar.de\/2022-nw\/?page_id=38"},"modified":"2022-04-10T13:29:45","modified_gmt":"2022-04-10T11:29:45","slug":"kandidieren","status":"publish","type":"page","link":"https:\/\/www.grundeinkommen-ist-waehlbar.de\/2022-nw\/kandidieren\/","title":{"rendered":"Kandidieren"},"content":{"rendered":"\n<h2 class=\"wp-block-heading\">Ich kandidiere zur Landtagswahl in Nordrhein-Westfalen und unterst\u00fctze die Forderung nach einem Grundeinkommen<\/h2>\n\n\n\n<ul class=\"wp-block-list\"><li>das existenzsichernd ist und gesellschaftliche Teilhabe erm\u00f6glicht,<\/li><li>auf das ein individueller Rechtsanspruch besteht,<\/li><li>das ohne Bed\u00fcrftigkeitspr\u00fcfung und<\/li><li>ohne Zwang zu Arbeit oder anderen Gegenleistungen<\/li><\/ul>\n\n\n\n<p>garantiert wird.<\/p>\n\n\n<div id=\"cf7_2_post_ba603d0d54\" class=\"cf7_2_post cf7_form_37\">\n<div class=\"wpcf7 no-js\" id=\"wpcf7-f37-o1\" lang=\"de-DE\" dir=\"ltr\" data-wpcf7-id=\"37\">\n<div class=\"screen-reader-response\"><p role=\"status\" aria-live=\"polite\" aria-atomic=\"true\"><\/p> <ul><\/ul><\/div>\n<form action=\"\/2022-nw\/wp-json\/wp\/v2\/pages\/38#wpcf7-f37-o1\" method=\"post\" class=\"wpcf7-form init\" aria-label=\"Kontaktformular\" enctype=\"multipart\/form-data\" novalidate=\"novalidate\" data-status=\"init\">\n<fieldset class=\"hidden-fields-container\"><input type=\"hidden\" name=\"_wpcf7\" value=\"37\" \/><input type=\"hidden\" name=\"_wpcf7_version\" value=\"6.1.5\" \/><input type=\"hidden\" name=\"_wpcf7_locale\" value=\"de_DE\" \/><input type=\"hidden\" name=\"_wpcf7_unit_tag\" value=\"wpcf7-f37-o1\" \/><input type=\"hidden\" name=\"_wpcf7_container_post\" value=\"0\" \/><input type=\"hidden\" name=\"_wpcf7_posted_data_hash\" value=\"\" \/><input type=\"hidden\" name=\"_map_author\" value=\"1\" \/><input type=\"hidden\" name=\"_c2p_nonce\" value=\"5999d9de31\" \/><input type=\"hidden\" name=\"_wpnonce\" value=\"d976411710\" \/>\n<\/fieldset>\n<p><label> Ihr Name (Pflichtfeld)<br \/>\n<span class=\"wpcf7-form-control-wrap\" data-name=\"your-name\"><input size=\"40\" maxlength=\"400\" class=\"wpcf7-form-control wpcf7-text wpcf7-validates-as-required\" aria-required=\"true\" aria-invalid=\"false\" value=\"\" type=\"text\" name=\"your-name\" \/><\/span> <\/label>\n<\/p>\n<p><label> Ihre E-Mail-Adresse (Pflichtfeld)<br \/>\n<span class=\"wpcf7-form-control-wrap\" data-name=\"your-email\"><input size=\"40\" maxlength=\"400\" class=\"wpcf7-form-control wpcf7-email wpcf7-validates-as-required wpcf7-text wpcf7-validates-as-email\" aria-required=\"true\" aria-invalid=\"false\" value=\"\" type=\"email\" name=\"your-email\" \/><\/span> <\/label>\n<\/p>\n<p>Wir verwenden Ihre E-Mail ausschlie\u00dflich f\u00fcr eventuelle R\u00fcckfragen zu Ihrem Profil, sie wird <b>nicht<\/b> automatisch ver\u00f6ffentlicht. Wenn Sie Ihre E-Mail-Adresse auf Ihrer Profil-Seite doch ver\u00f6ffentlichen m\u00f6chten, stimmen Sie bitte hier zu:<br \/>\n<span class=\"wpcf7-form-control-wrap\" data-name=\"E-Mail-veroeffentlichen\"><span class=\"wpcf7-form-control wpcf7-acceptance optional\"><span class=\"wpcf7-list-item\"><label><input type=\"checkbox\" name=\"E-Mail-veroeffentlichen\" value=\"1\" aria-invalid=\"false\" \/><span class=\"wpcf7-list-item-label\">Ich bin damit einverstanden, dass meine E-Mail-Adresse auf www.grundeinkommen-ist-waehlbar.de ver\u00f6ffentlicht werden kann.<\/span><\/label><\/span><\/span><\/span>\n<\/p>\n<p><label> Art der Kandidatur (Pflichtfeld)<br \/>\n<span class=\"wpcf7-form-control-wrap\" data-name=\"art-der-kandidatur\"><span class=\"wpcf7-form-control wpcf7-checkbox\"><\/span><\/span><br \/>\n<\/label><label> Partei\/Einzelbewerber (Pflichtfeld)<br \/>\n<span class=\"wpcf7-form-control-wrap\" data-name=\"partei\"><select class=\"wpcf7-form-control wpcf7-select wpcf7-validates-as-required\" aria-required=\"true\" aria-invalid=\"false\" name=\"partei\"><option value=\"\">&#8211; Bitte ausw\u00e4hlen &#8211;<\/option><\/select><\/span> <\/label>\n<\/p>\n<p><label> Wahlkreis<br \/>\n<span class=\"wpcf7-form-control-wrap\" data-name=\"wahlkreis\"><select class=\"wpcf7-form-control wpcf7-select\" aria-invalid=\"false\" name=\"wahlkreis\"><option value=\"\">&#8211; Bitte ausw\u00e4hlen &#8211;<\/option><\/select><\/span> <\/label>\n<\/p>\n<p><label> Ihr pers\u00f6nliches Statement zum Grundeinkommen und Information zu Ihrer Person (maximal 2.000 Zeichen)<br \/>\n<span class=\"wpcf7-form-control-wrap\" data-name=\"statement\"><textarea cols=\"40\" rows=\"10\" maxlength=\"2000\" class=\"wpcf7-form-control wpcf7-textarea\" aria-invalid=\"false\" name=\"statement\"><\/textarea><\/span> <\/label>\n<\/p>\n<p><label> Ihre Website<br \/>\n<span class=\"wpcf7-form-control-wrap\" data-name=\"website\"><input size=\"40\" maxlength=\"400\" class=\"wpcf7-form-control wpcf7-text\" aria-invalid=\"false\" value=\"\" type=\"text\" name=\"website\" \/><\/span> <\/label>\n<\/p>\n<p><label> Ihr KandidatInnen-Foto zur Verwendung auf www.grundeinkommen-ist-waehlbar.de (am besten 250 Pixel breit)<br \/>\n<span class=\"wpcf7-form-control-wrap\" data-name=\"KandidatInnen-Foto\"><input size=\"40\" class=\"wpcf7-form-control wpcf7-file\" accept=\".gif,.png,.jpg,.jpeg\" aria-invalid=\"false\" type=\"file\" name=\"KandidatInnen-Foto\" \/><\/span> <\/label>\n<\/p>\n<p><span class=\"wpcf7-form-control-wrap\" data-name=\"Datenschutzeklaerung-gelesen\"><span class=\"wpcf7-form-control wpcf7-acceptance\"><span class=\"wpcf7-list-item\"><label><input type=\"checkbox\" name=\"Datenschutzeklaerung-gelesen\" value=\"1\" aria-invalid=\"false\" \/><span class=\"wpcf7-list-item-label\">Ich habe die <a href=\"https:\/\/www.grundeinkommen-ist-waehlbar.de\/landtagswahl-vorlage\/datenschutzerklaerung\/\" target=\"_blank\">Datenschutzerkl\u00e4rung<\/a> von www.grundeinkommen-ist-waehlbar.de gelesen<\/span><\/label><\/span><\/span><\/span>\n<\/p>\n<p><span class=\"wpcf7-form-control-wrap\" data-name=\"Zustsimmung\"><span class=\"wpcf7-form-control wpcf7-acceptance\"><span class=\"wpcf7-list-item\"><label><input type=\"checkbox\" name=\"Zustsimmung\" value=\"1\" aria-invalid=\"false\" \/><span class=\"wpcf7-list-item-label\">Ich bin damit einverstanden, dass mein Name, mein pers\u00f6nliches Statement, meine Website-Adresse und mein KandidatInnen-Foto auf www.grundeinkommen-ist-waehlbar.de ver\u00f6ffentlicht werden kann.<\/span><\/label><\/span><\/span><\/span>\n<\/p>\n<p><input class=\"wpcf7-form-control wpcf7-submit has-spinner\" type=\"submit\" value=\"Senden\" \/>\n<\/p><p style=\"display: none !important;\" class=\"akismet-fields-container\" data-prefix=\"_wpcf7_ak_\"><label>&#916;<textarea name=\"_wpcf7_ak_hp_textarea\" cols=\"45\" rows=\"8\" maxlength=\"100\"><\/textarea><\/label><input type=\"hidden\" id=\"ak_js_1\" name=\"_wpcf7_ak_js\" value=\"175\"\/><script>\ndocument.getElementById( \"ak_js_1\" ).setAttribute( \"value\", ( new Date() ).getTime() );\n<\/script>\n<\/p><div class=\"wpcf7-response-output\" aria-hidden=\"true\"><\/div>\n<\/form>\n<\/div>\n\n<\/div>\n","protected":false},"excerpt":{"rendered":"<p>Ich kandidiere zur Landtagswahl in Nordrhein-Westfalen und unterst\u00fctze die Forderung nach einem Grundeinkommen das existenzsichernd ist und gesellschaftliche Teilhabe erm\u00f6glicht, auf das ein individueller Rechtsanspruch besteht, das ohne Bed\u00fcrftigkeitspr\u00fcfung und ohne Zwang zu Arbeit oder anderen Gegenleistungen garantiert wird.<\/p>\n","protected":false},"author":1,"featured_media":0,"parent":0,"menu_order":0,"comment_status":"closed","ping_status":"closed","template":"","meta":{"footnotes":""},"class_list":["post-38","page","type-page","status-publish","hentry"],"_links":{"self":[{"href":"https:\/\/www.grundeinkommen-ist-waehlbar.de\/2022-nw\/wp-json\/wp\/v2\/pages\/38","targetHints":{"allow":["GET"]}}],"collection":[{"href":"https:\/\/www.grundeinkommen-ist-waehlbar.de\/2022-nw\/wp-json\/wp\/v2\/pages"}],"about":[{"href":"https:\/\/www.grundeinkommen-ist-waehlbar.de\/2022-nw\/wp-json\/wp\/v2\/types\/page"}],"author":[{"embeddable":true,"href":"https:\/\/www.grundeinkommen-ist-waehlbar.de\/2022-nw\/wp-json\/wp\/v2\/users\/1"}],"replies":[{"embeddable":true,"href":"https:\/\/www.grundeinkommen-ist-waehlbar.de\/2022-nw\/wp-json\/wp\/v2\/comments?post=38"}],"version-history":[{"count":2,"href":"https:\/\/www.grundeinkommen-ist-waehlbar.de\/2022-nw\/wp-json\/wp\/v2\/pages\/38\/revisions"}],"predecessor-version":[{"id":51,"href":"https:\/\/www.grundeinkommen-ist-waehlbar.de\/2022-nw\/wp-json\/wp\/v2\/pages\/38\/revisions\/51"}],"wp:attachment":[{"href":"https:\/\/www.grundeinkommen-ist-waehlbar.de\/2022-nw\/wp-json\/wp\/v2\/media?parent=38"}],"curies":[{"name":"wp","href":"https:\/\/api.w.org\/{rel}","templated":true}]}}

<h2 class="wp-block-heading">Ich kandidiere zur Landtagswahl in Nordrhein-Westfalen und unterstütze die Forderung nach einem Grundeinkommen</h2>



<ul class="wp-block-list"><li>das existenzsichernd ist und gesellschaftliche Teilhabe ermöglicht,</li><li>auf das ein individueller Rechtsanspruch besteht,</li><li>das ohne Bedürftigkeitsprüfung und</li><li>ohne Zwang zu Arbeit oder anderen Gegenleistungen</li></ul>



<p>garantiert wird.</p>


<div id="cf7_2_post_ba603d0d54" class="cf7_2_post cf7_form_37">
<div class="wpcf7 no-js" id="wpcf7-f37-o1" lang="de-DE" dir="ltr" data-wpcf7-id="37">
<div class="screen-reader-response"><p role="status" aria-live="polite" aria-atomic="true"></p> <ul></ul></div>
<form action="/2022-nw/wp-json/wp/v2/pages/38#wpcf7-f37-o1" method="post" class="wpcf7-form init" aria-label="Kontaktformular" enctype="multipart/form-data" novalidate="novalidate" data-status="init">
<fieldset class="hidden-fields-container"><input type="hidden" name="_wpcf7" value="37" /><input type="hidden" name="_wpcf7_version" value="6.1.5" /><input type="hidden" name="_wpcf7_locale" value="de_DE" /><input type="hidden" name="_wpcf7_unit_tag" value="wpcf7-f37-o1" /><input type="hidden" name="_wpcf7_container_post" value="0" /><input type="hidden" name="_wpcf7_posted_data_hash" value="" /><input type="hidden" name="_map_author" value="1" /><input type="hidden" name="_c2p_nonce" value="5999d9de31" /><input type="hidden" name="_wpnonce" value="d976411710" />
</fieldset>
<p><label> Ihr Name (Pflichtfeld)<br />
<span class="wpcf7-form-control-wrap" data-name="your-name"><input size="40" maxlength="400" class="wpcf7-form-control wpcf7-text wpcf7-validates-as-required" aria-required="true" aria-invalid="false" value="" type="text" name="your-name" /></span> </label>
</p>
<p><label> Ihre E-Mail-Adresse (Pflichtfeld)<br />
<span class="wpcf7-form-control-wrap" data-name="your-email"><input size="40" maxlength="400" class="wpcf7-form-control wpcf7-email wpcf7-validates-as-required wpcf7-text wpcf7-validates-as-email" aria-required="true" aria-invalid="false" value="" type="email" name="your-email" /></span> </label>
</p>
<p>Wir verwenden Ihre E-Mail ausschließlich für eventuelle Rückfragen zu Ihrem Profil, sie wird <b>nicht</b> automatisch veröffentlicht. Wenn Sie Ihre E-Mail-Adresse auf Ihrer Profil-Seite doch veröffentlichen möchten, stimmen Sie bitte hier zu:<br />
<span class="wpcf7-form-control-wrap" data-name="E-Mail-veroeffentlichen"><span class="wpcf7-form-control wpcf7-acceptance optional"><span class="wpcf7-list-item"><label><input type="checkbox" name="E-Mail-veroeffentlichen" value="1" aria-invalid="false" /><span class="wpcf7-list-item-label">Ich bin damit einverstanden, dass meine E-Mail-Adresse auf www.grundeinkommen-ist-waehlbar.de veröffentlicht werden kann.</span></label></span></span></span>
</p>
<p><label> Art der Kandidatur (Pflichtfeld)<br />
<span class="wpcf7-form-control-wrap" data-name="art-der-kandidatur"><span class="wpcf7-form-control wpcf7-checkbox"></span></span><br />
</label><label> Partei/Einzelbewerber (Pflichtfeld)<br />
<span class="wpcf7-form-control-wrap" data-name="partei"><select class="wpcf7-form-control wpcf7-select wpcf7-validates-as-required" aria-required="true" aria-invalid="false" name="partei"><option value="">&#8211; Bitte auswählen &#8211;</option></select></span> </label>
</p>
<p><label> Wahlkreis<br />
<span class="wpcf7-form-control-wrap" data-name="wahlkreis"><select class="wpcf7-form-control wpcf7-select" aria-invalid="false" name="wahlkreis"><option value="">&#8211; Bitte auswählen &#8211;</option></select></span> </label>
</p>
<p><label> Ihr persönliches Statement zum Grundeinkommen und Information zu Ihrer Person (maximal 2.000 Zeichen)<br />
<span class="wpcf7-form-control-wrap" data-name="statement"><textarea cols="40" rows="10" maxlength="2000" class="wpcf7-form-control wpcf7-textarea" aria-invalid="false" name="statement"></textarea></span> </label>
</p>
<p><label> Ihre Website<br />
<span class="wpcf7-form-control-wrap" data-name="website"><input size="40" maxlength="400" class="wpcf7-form-control wpcf7-text" aria-invalid="false" value="" type="text" name="website" /></span> </label>
</p>
<p><label> Ihr KandidatInnen-Foto zur Verwendung auf www.grundeinkommen-ist-waehlbar.de (am besten 250 Pixel breit)<br />
<span class="wpcf7-form-control-wrap" data-name="KandidatInnen-Foto"><input size="40" class="wpcf7-form-control wpcf7-file" accept=".gif,.png,.jpg,.jpeg" aria-invalid="false" type="file" name="KandidatInnen-Foto" /></span> </label>
</p>
<p><span class="wpcf7-form-control-wrap" data-name="Datenschutzeklaerung-gelesen"><span class="wpcf7-form-control wpcf7-acceptance"><span class="wpcf7-list-item"><label><input type="checkbox" name="Datenschutzeklaerung-gelesen" value="1" aria-invalid="false" /><span class="wpcf7-list-item-label">Ich habe die <a href="https://www.grundeinkommen-ist-waehlbar.de/landtagswahl-vorlage/datenschutzerklaerung/" target="_blank">Datenschutzerklärung</a> von www.grundeinkommen-ist-waehlbar.de gelesen</span></label></span></span></span>
</p>
<p><span class="wpcf7-form-control-wrap" data-name="Zustsimmung"><span class="wpcf7-form-control wpcf7-acceptance"><span class="wpcf7-list-item"><label><input type="checkbox" name="Zustsimmung" value="1" aria-invalid="false" /><span class="wpcf7-list-item-label">Ich bin damit einverstanden, dass mein Name, mein persönliches Statement, meine Website-Adresse und mein KandidatInnen-Foto auf www.grundeinkommen-ist-waehlbar.de veröffentlicht werden kann.</span></label></span></span></span>
</p>
<p><input class="wpcf7-form-control wpcf7-submit has-spinner" type="submit" value="Senden" />
</p><p style="display: none !important;" class="akismet-fields-container" data-prefix="_wpcf7_ak_"><label>&#916;<textarea name="_wpcf7_ak_hp_textarea" cols="45" rows="8" maxlength="100"></textarea></label><input type="hidden" id="ak_js_1" name="_wpcf7_ak_js" value="175"/><script>
document.getElementById( "ak_js_1" ).setAttribute( "value", ( new Date() ).getTime() );
</script>
</p><div class="wpcf7-response-output" aria-hidden="true"></div>
</form>
</div>

</div>

<p>Ich kandidiere zur Landtagswahl in Nordrhein-Westfalen und unterstütze die Forderung nach einem Grundeinkommen das existenzsichernd ist und gesellschaftliche Teilhabe ermöglicht, auf das ein individueller Rechtsanspruch besteht, das ohne Bedürftigkeitsprüfung und ohne Zwang zu Arbeit oder anderen Gegenleistungen garantiert wird.</p>
