{"id":46,"date":"2021-01-14T14:16:58","date_gmt":"2021-01-14T13:16:58","guid":{"rendered":"http:\/\/www.grundeinkommen-ist-waehlbar.de\/2024-sn\/?page_id=46"},"modified":"2021-01-14T14:16:58","modified_gmt":"2021-01-14T13:16:58","slug":"kandidierende","status":"publish","type":"page","link":"https:\/\/www.grundeinkommen-ist-waehlbar.de\/2024-sn\/kandidierende\/","title":{"rendered":"Kandidierende"},"content":{"rendered":"\n<p>Gibt es in Ihrem Wahlkreis eine\/n Kandidierenden, der\/die sich f\u00fcr ein bedingungsloses Grundeinkommen ausspricht? Wo k\u00f6nnen Sie Grundeinkommen w\u00e4hlen? Hier werden nur Wahlkreise angezeigt, in denen mindestens ein\/e Kandidat\/in f\u00fcr das Grundeinkommen ist. Finden Sie Kandidierende, indem Sie den entsprechenden Wahlkreis anklicken:<\/p>\n\n\n\t<li class=\"cat-item cat-item-86\"><a href=\"https:\/\/www.grundeinkommen-ist-waehlbar.de\/2024-sn\/wahlkreis\/02-vogtland-2\/\">02 Vogtland 2<\/a>\n<\/li>\n\t<li class=\"cat-item cat-item-101\"><a href=\"https:\/\/www.grundeinkommen-ist-waehlbar.de\/2024-sn\/wahlkreis\/17-mittelsachsen-1\/\">17 Mittelsachsen 1<\/a>\n<\/li>\n\t<li class=\"cat-item cat-item-109\"><a href=\"https:\/\/www.grundeinkommen-ist-waehlbar.de\/2024-sn\/wahlkreis\/25-leipzig-1\/\">25 Leipzig 1<\/a>\n<\/li>\n\t<li class=\"cat-item cat-item-52\"><a href=\"https:\/\/www.grundeinkommen-ist-waehlbar.de\/2024-sn\/wahlkreis\/26-leipzig-2\/\">26 Leipzig 2<\/a>\n<\/li>\n\t<li class=\"cat-item cat-item-113\"><a href=\"https:\/\/www.grundeinkommen-ist-waehlbar.de\/2024-sn\/wahlkreis\/30-leipzig-6\/\">30 Leipzig 6<\/a>\n<\/li>\n\t<li class=\"cat-item cat-item-59\"><a href=\"https:\/\/www.grundeinkommen-ist-waehlbar.de\/2024-sn\/wahlkreis\/34-nordsachsen-2\/\">34 Nordsachsen 2<\/a>\n<\/li>\n\t<li class=\"cat-item cat-item-121\"><a href=\"https:\/\/www.grundeinkommen-ist-waehlbar.de\/2024-sn\/wahlkreis\/39-meissen-4\/\">39 Mei\u00dfen 4<\/a>\n<\/li>\n\t<li class=\"cat-item cat-item-74\"><a href=\"https:\/\/www.grundeinkommen-ist-waehlbar.de\/2024-sn\/wahlkreis\/50-saechsische-schweiz-osterzgebirge-3\/\">50 S\u00e4chsische Schweiz-Osterzgebirge 3<\/a>\n<\/li>\n\t<li class=\"cat-item cat-item-83\"><a href=\"https:\/\/www.grundeinkommen-ist-waehlbar.de\/2024-sn\/wahlkreis\/59-goerlitz-3\/\">59 G\u00f6rlitz 3<\/a>\n<\/li>\n\n","protected":false},"excerpt":{"rendered":"<p>Gibt es in Ihrem Wahlkreis eine\/n Kandidierenden, der\/die sich f\u00fcr ein bedingungsloses Grundeinkommen ausspricht? Wo k\u00f6nnen Sie Grundeinkommen w\u00e4hlen? Hier werden nur Wahlkreise angezeigt, in denen mindestens ein\/e Kandidat\/in f\u00fcr das Grundeinkommen ist. Finden Sie Kandidierende, indem Sie den entsprechenden Wahlkreis anklicken:<\/p>\n","protected":false},"author":1,"featured_media":0,"parent":0,"menu_order":0,"comment_status":"closed","ping_status":"closed","template":"","meta":{"footnotes":""},"class_list":["post-46","page","type-page","status-publish","hentry"],"_links":{"self":[{"href":"https:\/\/www.grundeinkommen-ist-waehlbar.de\/2024-sn\/wp-json\/wp\/v2\/pages\/46","targetHints":{"allow":["GET"]}}],"collection":[{"href":"https:\/\/www.grundeinkommen-ist-waehlbar.de\/2024-sn\/wp-json\/wp\/v2\/pages"}],"about":[{"href":"https:\/\/www.grundeinkommen-ist-waehlbar.de\/2024-sn\/wp-json\/wp\/v2\/types\/page"}],"author":[{"embeddable":true,"href":"https:\/\/www.grundeinkommen-ist-waehlbar.de\/2024-sn\/wp-json\/wp\/v2\/users\/1"}],"replies":[{"embeddable":true,"href":"https:\/\/www.grundeinkommen-ist-waehlbar.de\/2024-sn\/wp-json\/wp\/v2\/comments?post=46"}],"version-history":[{"count":1,"href":"https:\/\/www.grundeinkommen-ist-waehlbar.de\/2024-sn\/wp-json\/wp\/v2\/pages\/46\/revisions"}],"predecessor-version":[{"id":47,"href":"https:\/\/www.grundeinkommen-ist-waehlbar.de\/2024-sn\/wp-json\/wp\/v2\/pages\/46\/revisions\/47"}],"wp:attachment":[{"href":"https:\/\/www.grundeinkommen-ist-waehlbar.de\/2024-sn\/wp-json\/wp\/v2\/media?parent=46"}],"curies":[{"name":"wp","href":"https:\/\/api.w.org\/{rel}","templated":true}]}}